e greatest common factor of 882996 and 120?
12
What is the greatest common factor of 146 and 32182342?
146
Calculate the greatest common divisor of 32980 and 1870.
170
What is the greatest common factor of 20 and 740450?
10
Calculate the highest common factor of 9568 and 239798.
598
What is the highest common divisor of 6433 and 21?
7
What is the highest common divisor of 7038 and 156906?
414
Calculate the greatest common divisor of 354 and 7770654.
354
Calculate the greatest common factor of 87368 and 536.
536
Calculate the greatest common divisor of 241 and 1305979.
241
Calculate the highest common factor of 1017 and 1452389.
113
Calculate the highest common divisor of 12030465 and 15.
15
Calculate the highest common factor of 61413 and 132.
33
What is the highest common factor of 716 and 28103?
179
What is the highest common factor of 945 and 770?
35
What is the highest common divisor of 321 and 38016?
3
Calculate the highest common divisor of 156 and 21333.
39
What is the highest common divisor of 2415 and 54165?
345
What is the highest common divisor of 284400 and 288?
144
What is the greatest common factor of 890 and 7399460?
890
What is the highest common divisor of 1776306 and 126?
42
Calculate the greatest common factor of 129375 and 1863.
207
Calculate the greatest common factor of 55248 and 18.
6
What is the greatest common divisor of 472222 and 2?
2
Calculate the greatest common factor of 2319 and 56429.
773
Calculate the highest common divisor of 52 and 5011552.
52
Calculate the highest common divisor of 106764 and 40467.
861
Calculate the highest common divisor of 56429 and 73.
73
What is the highest common factor of 306 and 51561?
153
Calculate the highest common divisor of 16200 and 139800.
600
Calculate the greatest common factor of 27 and 27543.
3
What is the highest common divisor of 72 and 18708?
12
Calculate the greatest common factor of 385778 and 2.
2
Calculate the greatest common divisor of 14 and 580867.
7
Calculate the highest common factor of 75792 and 72.
24
What is the greatest common divisor of 3591 and 266?
133
Calculate the highest common divisor of 564216 and 96.
24
Calculate the greatest common factor of 27225 and 1573.
121
Calculate the greatest common factor of 4981530 and 1410.
1410
Calculate the greatest common divisor of 732611 and 55.
11
Calculate the highest common factor of 52 and 36283.
13
Calculate the greatest common factor of 9410 and 590.
10
What is the highest common divisor of 88 and 15070?
22
Calculate the greatest common factor of 90565 and 295.
295
What is the highest common divisor of 2310 and 75390?
210
What is the highest common divisor of 177522 and 312?
6
Calculate the highest common divisor of 416936 and 4408.
152
What is the greatest common divisor of 9486 and 4896?
306
Calculate the greatest common divisor of 25060 and 70.
70
What is the highest common factor of 3353146 and 124?
62
Calculate the greatest common divisor of 161604 and 27.
9
Calculate the greatest common divisor of 9 and 3689.
1
What is the greatest common divisor of 1610 and 673302?
322
Calculate the highest common factor of 1615394 and 101.
101
What is the highest common factor of 345 and 111205?
115
Calculate the greatest common factor of 1313 and 650.
13
Calculate the highest common divisor of 7 and 371119.
7
Calculate the greatest common factor of 2509 and 715.
13
Calculate the greatest common divisor of 1 and 98962.
1
What is the highest common divisor of 36174 and 18?
6
Calculate the highest common divisor of 40860 and 198.
18
What is the highest common factor of 21449 and 1513?
89
Calculate the greatest common factor of 53641 and 7469.
679
What is the highest common divisor of 188 and 98700?
188
Calculate the highest common divisor of 318087 and 154.
77
Calculate the highest common factor of 7680 and 3584.
512
What is the highest common divisor of 351386 and 798?
266
Calculate the greatest common divisor of 1432 and 128522.
358
Calculate the highest common factor of 72171 and 264.
33
Calculate the greatest common factor of 375859 and 55.
11
Calculate the highest common divisor of 90 and 32460.
30
Calculate the greatest common divisor of 1326 and 650046.
102
What is the highest common divisor of 66 and 125136?
66
What is the greatest common divisor of 12 and 100?
4
What is the greatest common factor of 891 and 3897?
9
What is the highest common factor of 52056 and 621?
27
Calculate the greatest common factor of 5985 and 14805.
315
What is the greatest common factor of 5599 and 18799?
11
What is the highest common divisor of 18 and 88227?
9
What is the highest common divisor of 14608 and 20174?
22
What is the highest common factor of 15105 and 273480?
795
Calculate the greatest common divisor of 686 and 1498.
14
Calculate the highest common divisor of 33 and 52921.
11
Calculate the highest common divisor of 1184 and 49358.
74
Calculate the greatest common divisor of 168441 and 4368.
273
Calculate the greatest common divisor of 373723 and 35.
7
Calculate the greatest common divisor of 120 and 159870.
30
Calculate the greatest common divisor of 2695417 and 9565.
1913
What is the highest common factor of 5120286 and 3?
3
Calculate the highest common factor of 4672 and 30608.
16
What is the highest common divisor of 246 and 1214256?
246
Calculate the highest common factor of 12708 and 72.
36
What is the greatest common divisor of 65 and 576095?
65
What is the greatest common divisor of 462 and 609070?
154
Calculate the highest common divisor of 756 and 922887.
189
What is the greatest common divisor of 517407 and 33?
33
What is the greatest common divisor of 1532 and 1796653?
383
Calculate the greatest common divisor of 644238 and 42.
42
Calculate the highest common factor of 976 and 303780.
244
Calculate the greatest common divisor of 74443 and 8381.
493
What is the greatest common factor of 103627 and 1038?
173
What is the highest common factor of 21 and 290388?
21
Calculate the greatest common divisor of 639268 and 476.
476
Calculate the greatest common factor of 13218 and 12.
6
What is the greatest common factor of 880 and 5738480?
880
What is the greatest common divisor of 1100 and 1004?
4
What is the highest common factor of 44191 and 21063?
413
Calculate the greatest common divisor of 1468503 and 397.
397
Calculate the highest common factor of 593110 and 210.
70
Calculate the greatest common divisor of 237 and 237.
237
Calculate the highest common divisor of 5002 and 345384.
82
Calculate the highest common divisor of 135 and 15615.
45
Calculate the highest common factor of 136647 and 1446.
723
What is the greatest common factor of 1357 and 9322?
59
What is the greatest common factor of 25218 and 40162?
934
What is the highest common factor of 948 and 59566?
158
What is the greatest common divisor of 549 and 38088?
9
What is the highest common factor of 3858984 and 72?
72
What is the highest common divisor of 331499 and 184?
23
What is the highest common divisor of 272 and 1168?
16
Calculate the greatest common factor of 248 and 111755.
31
Calculate the greatest common factor of 121797 and 39.
39
What is the highest common factor of 72680 and 2070?
230
Calculate the greatest common divisor of 12440 and 70.
10
What is the highest common factor of 245 and 4990?
5
What is the highest common factor of 89250 and 8806?
238
What is the highest common factor of 11 and 3275470?
11
What is the greatest common factor of 5 and 100726?
1
Calculate the greatest common factor of 127800 and 3240.
360
Calculate the greatest common divisor of 866587 and 569.
569
What is the highest common factor of 614 and 377917?
307
What is the greatest common divisor of 2222 and 198?
22
What is the highest common factor of 12 and 41848?
4
What is the greatest common divisor of 75440 and 1148?
164
Calculate the greatest common factor of 1824 and 4512.
96
Calculate the highest common divisor of 53438 and 14.
14
Calculate the greatest common factor of 6745 and 639.
71
What is the greatest common divisor of 32292 and 4833?
27
Calculate the greatest common factor of 1107 and 15660.
27
What is the greatest common divisor of 55 and 545765?
55
What is the greatest common divisor of 368 and 36016?
16
What is the highest common factor of 330219 and 